is 3 + -5 + (5 - 4)?
-1
What is (-18 - -14 - (-3 + -3)) + 0?
2
What is -6 - (-8 - -2) - 6?
-6
Evaluate (-24 + 12 - -4) + (-1 - -6).
-3
Calculate -9 + 5 + (-8 - -11).
-1
-3 - 1 - (-1 + 3 + -9)
3
Calculate (6 + -1 - 0) + -5 - -7.
7
What is (2 - 12) + (-52 - -68)?
6
(12 - 14) + (-3 - -10)
5
2 + -1 - 0 - (130 - 127)
-2
What is (5 - -1 - 2) + 5 - 4?
5
Evaluate 3 + (-3 - 2) + -10 + 12.
0
Evaluate -17 + 16 + 0 + 1.
0
What is the value of 3 - (1 + 1 + -1)?
2
What is the value of 3 + -10 - (-11 - -1)?
3
3 - (-2 - -5) - (-1 - 10)
11
-5 + (16 - (1 - (0 + -4)))
6
Calculate -7 + (2 - -7) - 2.
0
What is the value of -1 + (0 - 0) - (12 - 9)?
-4
Evaluate 4 - ((1 - (-1 - 8)) + -2).
-4
What is the value of -1 + 3 + -6 + 6 + -6?
-4
Evaluate (1 + -1 - 0) + 10 + -11.
-1
-3 + (2 - 3) + -1 + 2
-3
What is -7 - (-2 + 2 - (15 + -12))?
-4
What is (-5 - (3 - 6)) + 1 + 4?
3
What is 2 - (5 + 3 + -4)?
-2
Calculate -4 + 2 + 0 + -3 + 2.
-3
What is -7 + 3 + 0 + 4?
0
-6 - (-20 - (-6 + -4))
4
0 + (-2 - 2) + 9
5
3 + -1 - (1 + -1 + -3)
5
What is -71 - -60 - (1 - 4)?
-8
What is the value of 10 + (-7 - -5 - 5) - -5?
8
What is 1 + 4 + (2 - 5)?
2
Calculate 1 - (9 + -4) - -7.
3
Calculate 3 + -9 + 4 - -1 - 2.
-3
Evaluate -2 + (-3 + 9 - 0).
4
Calculate 6 + -2 + -3 + (0 - -1).
2
What is the value of (-13 - -12 - 1) + -1 + -4?
-7
Evaluate 3 - (-2 + (4 - -1)).
0
What is the value of (1 - -4) + (-1 - (-2 - -3))?
3
Evaluate 2 + (3 - -4) + -5.
4
Calculate (-2 + -8 - -12) + 0 + 3.
5
(10 - 1) + 8 + -12
5
-3 - (2 + (-5 - 0))
0
(-30 - -15 - -9) + (-1 - -7)
0
What is the value of 3 + 2 - (31 + -20)?
-6
Evaluate -6 + 10 + (-1 - -2 - 2).
3
-3 + 0 + (2 - (-1 - 1))
1
What is the value of 6 + (-3 - 9) + 12?
6
What is -9 + -5 + 12 + 2 + 10?
10
What is -293 + 298 - (9 + (1 - 0))?
-5
4 + -7 + 8 - 1
4
What is the value of (-3 - 2) + (5 - (5 - 1))?
-4
Evaluate 6 + 2 + (7 - 0 - 9).
6
What is the value of -2 - -2 - (-6 - -6) - 4?
-4
What is 0 + -1 - (12 - 11)?
-2
What is 1 + 1 + (-3 - -2)?
1
Calculate -2 - 13 - (-9 + -5).
-1
What is the value of -2 - (-5 - ((0 - -1) + -5))?
-1
(0 - 4) + 3 + 3 - -4
6
What is the value of 2 + -2 + (1 - 3)?
-2
Evaluate (-3 + 2 - -7) + -9.
-3
What is 21 - -2 - (5 - -10)?
8
Calculate 1 + -3 + -4 + 10.
4
3 + -2 + 1 + (-3 - -4)
3
Calculate -1 + 5 + (-9 - 0).
-5
What is the value of -3 - ((3 - (4 + -8)) + -20)?
10
Calculate -8 + (6 - (7 + 0)).
-9
5 + (-2 - -1) + (13 - 11)
6
(4 - -1) + (-63 - -63) - 9
-4
What is the value of 1 + (6 + -3 - (5 + 4))?
-5
What is -2 - -1 - (-54 - -59)?
-6
-11 + 6 + 2 + 1
-2
Calculate 4 + 7 + -3 + -15.
-7
-4 + (4 - 0 - 2) + -2
-4
-2 + (0 - 4) + 7 - 4
-3
-1 + 1 - 6 - (75 - 75)
-6
What is the value of -2 - 2 - (-8 + 9 + -1)?
-4
What is the value of 14 + (-15 - -14) - (4 - 0)?
9
What is the value of (-2 - -1) + -3 - (7 + -9)?
-2
Evaluate -18 + 17 - (1 - 5).
3
-15 - -3 - -5 - (-9 - 6)
8
Evaluate 2 - (-3 - -3) - -2.
4
Evaluate -2 - 3 - 0 - -2.
-3
12 - (12 + -12) - 10
2
(0 - 1) + 3 + 2 + -5
-1
Evaluate 7 + (0 - -10) + -11.
6
Calculate (-5 - (-4 - -5)) + 4.
-2
What is the value of (4 + -9 - 6) + 19?
8
6 + (-7 - -4) + -2 + 1
2
What is the value of 3 + (-2 - -1) + 8 + -5?
5
What is the value of -2 + 1 + 19 + -24 + 13?
7
Evaluate -1 + 2 - (-11 + -1 + 9).
4
What is 6 - ((5 - (-1 + -1)) + -4)?
3
What is the value of 7 + (-7 - -3) + (12 - 8)?
7
What is 1 + (-1 - (1 - 2)) - 1?
0
Evaluate (1 - 7) + (9 - (0 - -7)).
-4
What is the value of -128 + 126 - (1 - 0)?
-3
Calculate (-3 - -1) + 13 + -9 - 0.
2
What is (-9 - -5) + 11 + 0 + -5?
2
What is -5 + 0 + 6 + (4 - 0)?
5
What is the value of 2 + -4 + 6 + 3 + -4?
3
What is the value of 2 + -6 + 8 + -3?
1
Calculate -1 + -7 + 97 + -85.
4
What is (3 - 0) + -2 + -4 - 1?
-4
What is the value of (-1 - (2 - 4) - 2) + 2?
1
What is the value of (1 - 2) + 0 - -6?
5
What is the value of 0 - (-4 + (14 - 5) + -4)?
-1
What is -12 - (-8 + (6 - 4 - -2))?
-8
What is -5 - (-1 - (0 - -4)) - -5?
5
Evaluate 11 + (-8 - (8 - -3)).
-8
1 + -9 + 5 - 5
-8
What is (-1 - -1 - 7) + 3?
-4
What is 15 - (0 + 8 - (-77 + 78))?
8
What is the value of (6 - -2) + 1 + -5?
4
(-10 - -3) + -2 + 7
-2
What is the value of 2 + (-1 - (-4 - -7) - -4)?
2
Calculate 10 - (8 - (1 + 5)).
8
Evaluate 13 + (-5 - 0) + 2 + -1.
9
2 - 5 - -3 - 3
-3
Evaluate -4 - (2 + -6 + 4).
-4
-7 - (-16 - (-6 - -12 - 8))
7
What is -9 + 6 + (4 - 0)?
1
What is -8 + (11 + -5 - 3)?
-5
What is the value of -4 + (1 - (-9 - -5) - 0)?
1
What is 6 - 0 - (-1 + 3)?
4
Evaluate 9 + -4 + (9 - 11) + 5.
8
What is the value of -3 - (13 - 8) - -14?
6
What is the value of 0 + (5 + -5 - (0 + 5))?
-5
What is (1 - 1 - -1) + 3?
4
(-3 - -3) + -7 + 2
-5
Evaluate -14 - -18 - (0 - 0).
4
Evaluate 5 - (3 + (-1 - -7)).
-4
What is (1 + 4 - -2) + -3?
4
Calculate -3 + ((4 - -5) + -4 - 3).
-1
What is -6 + 2 + (2 - (-13 + 18))?
-7
1 + -5 - 7 - (-12 + 8)
-7
1 + 6 + -3 + 2 - 2
4
Evaluate (-3 - -7) + (1 - (1 + -4)).
8
Calculate (1 + -5 - -1) + -1 - 1.
-5
Calculate -5 - ((-8 - -6) + 0) - -9.
6
Calculate (-17 - -5) + 12 + (-4 - 0).
-4
Calculate -1 - (-1 + 2 + 3 - 4).
-1
Calculate -3 - ((-16 - -19) + -4 + 1).
-3
Calculate 0 - (-8 + 7 + 7).
-6
What is the value of 5 - (4 + (2 + -8 - -5))?
2
-10 - -30 - 8 - 8
4
1 + -2 + -2 + 0 + 2
-1
Calculate 8 - -2 - (-4 + 14).
0
Calculate (-260 - -254) + (-1 - (-1 - -1)).
-7
What is -2 - (4 - 8 - 2)?
4
What is -31 + 32 + 2 + -2?
1
What is -6 + 7 + 0 + -4?
-3
2 + 2 + 5 + -9 + 6
6
Calculate -14 + 18 - (-1 + 0 + -1).
6
(0 - 2) + (-7 - -5)
-4
What is the value of (-34 - -33) + (3 + -2 - -7)?
7
Evaluate 1 - 0 - (-3 - (3 + -10)).
-3
What is the value of 1 - 8 - (-3 - (-2 + 3))?
-3
What is the value of 3 - ((-1 - 0 - 0) + 0)?
4
What is the value of (3 - (4 - 2)) + 2?
3
Calculate (1 + -4 + 3 - -6) + -11.
-5
Calculate 5 - (-6 - (-8 + -3)).
0
What is -14 + 7 + 3 + (-1 - -5)?
0
Evaluate 1 + -5 - 4 - (3 + -10).
-1
Calculate -5 - (-4 + -4 + 1).
2
Evaluate -7 - -1 - (-3 + 1).
-4
Calculate -1 - (-10 - -14) - (-7 - 1).
3
-3 + (-5 - -7) + -5 + 3
-3
-8 - (7 - 10) - -2
-3
What is 4 - (0 + 1) - (37 + -34)?
0
What is the value of 7 + -3 + -2 + -1 + -1?
0
(24 - 34) + (1 - -1)
-8
What is (-9 - -6) + 9 - 6?
0
What is the value of (-5 - -1) + (1 - -8)?
5
Evaluate 4 + 1 + -4 + -1 + -2.
-2
What is the value of 2 - -1 - (25 - 17)?
-5
What is 3 + (1 - -1) - (-51 + 62)?
-6
What is the value of -2 - 1 - (8 - 5 - 10)?
4
What is 7 - (-6 - -13) - 3?
-3
Calculate (15 - 11) + (-2 - 4).
-2
Calculate -187 + 198 - (3 - -1).
7
Calculate -2 + (-6 - -10 - 5).
-3
Calculate 0 - (-1 - ((0 - 3) + 0)).
-2
(2 - 4 - 3) + 3 + -3
-5
1 + -6 - 5 - -3 - -4
-3
What is (0 + -7 - -3) + -1?
-5
What is the value of 2 + -1 - 5 - (-6 + 0)?
2
What is 0 + 1 - (9 - 4)?
-4
Evaluate (2 - -16) + (-6 - 7).
5
What is the value of 3 + (-3 - (0 + 1))?
-1
What is the value of -4 + (12 - (7 - (1 - -3)))?
5
(2 - -4) + -4 - 0
2
Calculate 1 + -2 + 5 + 3 + -3.
4
Evaluate 9 - 3 - (-2 + 11).
-3
Evaluate -1 + 10 + -9 - 4.
-4
Evaluate 6 - 9 - (3 + -2 + 1).
-5
What is -2 - 1 - (-2 + 0 + 1)?
-2
What is 1 + -3 - -1 - (89 + -90)?
0
(1 - (-4 - -4)) + 3 - 2
2
What is the value of -11 + 11 - (-1 + 0)?
1
What is the value of 2 - -16 - (11 - -1)?
6
Calculate (0 - (-10 + 16)) + 7.
1
What is the value of -16 + 27 + -1 - (2 - -1)?
7
Evaluate (4 - 0) + (4 - 7).
1
What is the value of -6 + -2 - -1 - (9 - 17)?
1
Evaluate 4 - (-5 - -3 - -1).
5
What is the value of 3 + 0 + -8 + 11 + -8?
-2
What is (-2 - 0 - -1) + (3 - 1)?
1
(-6 - -3) + (11 - 10)
-2
What is the value of (-10 - -1) + -15 + 31?
7
What is the value of 0 + 2 + 1 + 250 + -249?
4
Calculate -17 - -7 - (-9 - -7).
-8
Evaluate 3 + -4 + 6 + 1 + 0.
6
Evaluate 9 + 1 + -3 + (-1 - 2).
4
Calculate 2 + (-3 + -3 - (-4 - -1)).
-1
-2 - ((1 - 14) + 6)
5
What is (1 - 4) + 2 - 4?
-5
What is (4 - 2) + -8 + 11 + -8?
-3
-5 + 3 + 3 + 9 + -8
2
Evaluate -6 - (1 - -11 - 18).
0
(-4 + 4 - 4) + 0 + -2
-6
Evaluate (10 - 7 - 5) + 4.
2
What is 1 - (-5 + 2 + 5)?
-1
Calculate 1 - (-3 + 8 + -4).
0
What is 1 + (16 + -22 - (2 - 1))?
-6
Evaluate 13 + (-4 - -3) - (-15 - -20).
7
-3 + -4 + 9 + 1 + -1
2
Evaluate 9 - ((-2 - -1) + 4).
6
1 + 5 + (16 - 18)
4
Calculate -4 + (8 - (-4 - -8)).
0
Evaluate (-1 - (4 + -2)) + -14 + 14.
-3
Evaluate (0 + 5 - 3) + (1 - -1).
4
What is the value of 8 + -14 + 2 + -5 + 6?
-3
What is the value of -2 - (-9 + 17 + -11)?
1
Calculate -3 - ((-3 - -6) + 